{"id":39,"date":"2021-07-18T02:05:29","date_gmt":"2021-07-18T01:05:29","guid":{"rendered":"https:\/\/capital.wordifysites.com\/?page_id=39"},"modified":"2024-06-15T08:52:42","modified_gmt":"2024-06-15T08:52:42","slug":"about","status":"publish","type":"page","link":"https:\/\/ergofacto.com.mx\/?page_id=39","title":{"rendered":"Nosotros"},"content":{"rendered":"<section class=\"gb-container gb-container-3e520487\">\n<div class=\"gb-container gb-container-5881831a\">\n<div class=\"gb-container gb-container-589a72f3\">\n<div class=\"gb-container gb-container-290655dc\">\n\n<figure class=\"gb-block-image gb-block-image-9ad0fdbf\"><img fetchpriority=\"high\" decoding=\"async\" width=\"1500\" height=\"995\" class=\"gb-image gb-image-9ad0fdbf\" src=\"https:\/\/ergofacto.com.mx\/wp-content\/uploads\/2024\/03\/14.jpg\" alt=\"\" title=\"14\" srcset=\"https:\/\/ergofacto.com.mx\/wp-content\/uploads\/2024\/03\/14.jpg 1500w, https:\/\/ergofacto.com.mx\/wp-content\/uploads\/2024\/03\/14-300x199.jpg 300w, https:\/\/ergofacto.com.mx\/wp-content\/uploads\/2024\/03\/14-1024x679.jpg 1024w, https:\/\/ergofacto.com.mx\/wp-content\/uploads\/2024\/03\/14-768x509.jpg 768w\" sizes=\"(max-width: 1500px) 100vw, 1500px\" \/><\/figure>\n\n<\/div>\n\n<div class=\"gb-container gb-container-954bf861\">\n\n<figure class=\"gb-block-image gb-block-image-7ce3f28b\"><img decoding=\"async\" width=\"1500\" height=\"995\" class=\"gb-image gb-image-7ce3f28b\" src=\"https:\/\/ergofacto.com.mx\/wp-content\/uploads\/2024\/03\/29.jpg\" alt=\"\" title=\"29\" srcset=\"https:\/\/ergofacto.com.mx\/wp-content\/uploads\/2024\/03\/29.jpg 1500w, https:\/\/ergofacto.com.mx\/wp-content\/uploads\/2024\/03\/29-300x199.jpg 300w, https:\/\/ergofacto.com.mx\/wp-content\/uploads\/2024\/03\/29-1024x679.jpg 1024w, https:\/\/ergofacto.com.mx\/wp-content\/uploads\/2024\/03\/29-768x509.jpg 768w\" sizes=\"(max-width: 1500px) 100vw, 1500px\" \/><\/figure>\n\n<\/div>\n<\/div>\n\n<div class=\"gb-container gb-container-509cefbf\">\n<div class=\"gb-container gb-container-1cb03e29\">\n\n<p class=\"gb-headline gb-headline-d34028c0 gb-headline-text\">25<\/p>\n\n\n\n<p class=\"gb-headline gb-headline-cfedf176 gb-headline-text\">Years Of Experience<\/p>\n\n<\/div>\n<\/div>\n<\/div>\n\n<div class=\"gb-container gb-container-a165696b\">\n\n<h2 class=\"gb-headline gb-headline-12c9d364 gb-headline-text\">ergofacto<\/h2>\n\n\n\n<h2 class=\"gb-headline gb-headline-20f0af27 gb-headline-text\">Estamos comprometidos con la prevenci\u00f3n y la mejora de la calidad de vida de los trabajadores.<\/h2>\n\n\n\n<p class=\" eplus-wrapper\">Somos un equipo multidisciplinario de expertos comprometidos en la implementaci\u00f3n de programas ergon\u00f3micos de mejora continua. Dise\u00f1amos programas personalizados que se adaptan a las necesidades espec\u00edficas de las empresas y nos aseguramos de que se implementen de manera efectiva mediante la formaci\u00f3n continua del personal. <\/p>\n\n\n\n<p class=\"gb-headline gb-headline-904ac8fe\"><span class=\"gb-icon\"><svg aria-hidden=\"true\" role=\"img\" height=\"1em\" width=\"1em\" viewBox=\"0 0 512 512\" xmlns=\"http:\/\/www.w3.org\/2000\/svg\"><path fill=\"currentColor\" d=\"M256 56c110.532 0 200 89.451 200 200 0 110.532-89.451 200-200 200-110.532 0-200-89.451-200-200 0-110.532 89.451-200 200-200m0-48C119.033 8 8 119.033 8 256s111.033 248 248 248 248-111.033 248-248S392.967 8 256 8zm0 168c-44.183 0-80 35.817-80 80s35.817 80 80 80 80-35.817 80-80-35.817-80-80-80z\"><\/path><\/svg><\/span><span class=\"gb-headline-text\">Somos un equipo multidisciplinario de expertos en ergonom\u00eda laboral, antropometr\u00eda, medicina del trabajo, factores psicosociales y dise\u00f1o industrial. <\/span><\/p>\n\n\n\n<p class=\"gb-headline gb-headline-22f9434b\"><span class=\"gb-icon\"><svg aria-hidden=\"true\" role=\"img\" height=\"1em\" width=\"1em\" viewBox=\"0 0 512 512\" xmlns=\"http:\/\/www.w3.org\/2000\/svg\"><path fill=\"currentColor\" d=\"M256 56c110.532 0 200 89.451 200 200 0 110.532-89.451 200-200 200-110.532 0-200-89.451-200-200 0-110.532 89.451-200 200-200m0-48C119.033 8 8 119.033 8 256s111.033 248 248 248 248-111.033 248-248S392.967 8 256 8zm0 168c-44.183 0-80 35.817-80 80s35.817 80 80 80 80-35.817 80-80-35.817-80-80-80z\"><\/path><\/svg><\/span><span class=\"gb-headline-text\">Nos enfocamos en la prevenci\u00f3n y mejora continua de las condiciones laborales, lo que nos permite dise\u00f1ar programas ergon\u00f3micos personalizados que se adaptan a las necesidades espec\u00edficas de cada empresa. <\/span><\/p>\n\n\n\n<p class=\"gb-headline gb-headline-ada396fb\"><span class=\"gb-icon\"><svg aria-hidden=\"true\" role=\"img\" height=\"1em\" width=\"1em\" viewBox=\"0 0 512 512\" xmlns=\"http:\/\/www.w3.org\/2000\/svg\"><path fill=\"currentColor\" d=\"M256 56c110.532 0 200 89.451 200 200 0 110.532-89.451 200-200 200-110.532 0-200-89.451-200-200 0-110.532 89.451-200 200-200m0-48C119.033 8 8 119.033 8 256s111.033 248 248 248 248-111.033 248-248S392.967 8 256 8zm0 168c-44.183 0-80 35.817-80 80s35.817 80 80 80 80-35.817 80-80-35.817-80-80-80z\"><\/path><\/svg><\/span><span class=\"gb-headline-text\">Los programas ergon\u00f3micos personalizados que implementamos en las empresas est\u00e1n dise\u00f1ados para aumentar la productividad y reducir los costos asociados con lesiones y enfermedades laborales. <\/span><\/p>\n\n\n\n<p class=\"gb-headline gb-headline-fe11a043\"><span class=\"gb-icon\"><svg aria-hidden=\"true\" role=\"img\" height=\"1em\" width=\"1em\" viewBox=\"0 0 512 512\" xmlns=\"http:\/\/www.w3.org\/2000\/svg\"><path fill=\"currentColor\" d=\"M256 56c110.532 0 200 89.451 200 200 0 110.532-89.451 200-200 200-110.532 0-200-89.451-200-200 0-110.532 89.451-200 200-200m0-48C119.033 8 8 119.033 8 256s111.033 248 248 248 248-111.033 248-248S392.967 8 256 8zm0 168c-44.183 0-80 35.817-80 80s35.817 80 80 80 80-35.817 80-80-35.817-80-80-80z\"><\/path><\/svg><\/span><span class=\"gb-headline-text\">Nos aseguramos de que nuestros clientes cumplan con las normas y regulaciones de seguridad e higiene en el trabajo. Esto garantiza un ambiente laboral seguro para los trabajadores.<\/span><\/p>\n\n<\/div>\n<\/section>\n\n\n<div class=\"wp-block-uagb-container uagb-block-zuetara5 alignfull uagb-is-root-container\"><div class=\"uagb-container-inner-blocks-wrap\">\n<div class=\"wp-block-uagb-container uagb-block-cvokiw7v\">\n<div class=\"wp-block-uagb-container uagb-block-in2knfff\">\n<div class=\"wp-block-uagb-info-box uagb-block-mtuuchzg uagb-infobox__content-wrap  uagb-infobox-icon-above-title uagb-infobox-image-valign-top\"><div class=\"uagb-ifb-content\"><div class=\"uagb-ifb-title-wrap\"><h2 class=\"uagb-ifb-title\">\u00bfPorqu\u00e9 Elegirnos?<\/h2><\/div><\/div><\/div>\n<\/div>\n\n\n\n<div class=\"wp-block-uagb-container uagb-block-qdpcurl5\">\n<div class=\"wp-block-uagb-info-box uagb-block-6zdbcfoi uagb-infobox__content-wrap  uagb-infobox-icon-above-title uagb-infobox-image-valign-top\"><div class=\"uagb-ifb-content\"><div class=\"uagb-ifb-title-wrap\"><\/div><\/div><\/div>\n<\/div>\n<\/div>\n\n\n\n<div class=\"wp-block-uagb-container uagb-block-0e9zjpsk\">\n<div class=\"wp-block-uagb-container uagb-block-5wtnxzyy\">\n<div class=\"wp-block-uagb-info-box uagb-block-zsctfnvo uagb-infobox__content-wrap  uagb-infobox-icon-above-title uagb-infobox-image-valign-top\"><div class=\"uagb-ifb-content\"><div class=\"uagb-ifb-title-wrap\"><h5 class=\"uagb-ifb-title\">Misi\u00f3n<\/h5><\/div><p class=\"uagb-ifb-desc\">Impulsar el cambio en la cultura preventiva laboral contribuyendo con el desarrollo productivo \u00f3ptimo de su empresa, mediante la identificaci\u00f3n, evaluaci\u00f3n y control de los factores de riesgo ergon\u00f3mico.<\/p><\/div><\/div>\n<\/div>\n\n\n\n<div class=\"wp-block-uagb-container uagb-block-3w71kcbb\">\n<div class=\"wp-block-uagb-info-box uagb-block-oo6jv78s uagb-infobox__content-wrap  uagb-infobox-icon-above-title uagb-infobox-image-valign-top\"><div class=\"uagb-ifb-content\"><div class=\"uagb-ifb-title-wrap\"><h5 class=\"uagb-ifb-title\">Visi\u00f3n<\/h5><\/div><p class=\"uagb-ifb-desc\">Se proyecta como una empresa de calidad con prestigio nacional, de nivel internacional. Competitiva por su modelo para orientar a la Sociedad y a las Empresas en el mejoramiento de la salud laboral y ambiental, as\u00ed como el control de riesgos ergon\u00f3micos<\/p><\/div><\/div>\n<\/div>\n\n\n\n<div class=\"wp-block-uagb-container uagb-block-hxx4kdhz\">\n<div class=\"wp-block-uagb-info-box uagb-block-rkqgu8ys uagb-infobox__content-wrap  uagb-infobox-icon-above-title uagb-infobox-image-valign-top\"><div class=\"uagb-ifb-content\"><div class=\"uagb-ifb-title-wrap\"><h5 class=\"uagb-ifb-title\">Objetivo<\/h5><\/div><p class=\"uagb-ifb-desc\">Nuestro objetivo es colaborar con el sector productivo, ofreciendo servicios especializados en prevenci\u00f3n, salud, seguridad e higiene mediante la implementaci\u00f3n de programas ergon\u00f3micos de mejora continua.<\/p><\/div><\/div>\n<\/div>\n<\/div>\n<\/div><\/div>\n\n\n\n<div class=\"wp-block-uagb-container uagb-block-pajukn2e alignfull uagb-is-root-container\"><div class=\"uagb-container-inner-blocks-wrap\">\n<div class=\"wp-block-uagb-container uagb-block-zz98qswi\">\n<section class=\"wp-block-uagb-columns uagb-columns__wrap uagb-columns__background-none uagb-columns__stack-mobile uagb-columns__valign- uagb-columns__gap-10 align uagb-block-053a3930 uagb-columns__columns-4 uagb-columns__max_width-theme\"><div class=\"uagb-columns__overlay\"><\/div><div class=\"uagb-columns__inner-wrap uagb-columns__columns-4\">\n<div class=\"wp-block-uagb-column uagb-column__wrap uagb-column__background-undefined uagb-block-bb3e7ae0\"><div class=\"uagb-column__overlay\"><\/div>\n<div class=\"wp-block-group eplus-wrapper is-nowrap is-layout-flex wp-container-core-group-is-layout-ad2f72ca wp-block-group-is-layout-flex\">      \n\t\t\t<div class=\"uagb-icon-wrapper uagb-block-9b281ba4      \"\n\t\t\tstyle=\"\" >\n\t\t\t\t\t\t\t\t\t<span class=\"uagb-svg-wrapper\" \n\t\t\t\t\t aria-label=\"circle-check\"\t\t\t\t\ttabindex=\"0\">\t\t\n\t\t\t\t\t\t\t\t\t\t<svg xmlns=\"https:\/\/www.w3.org\/2000\/svg\" viewBox= \"0 0 512 512\" role=\"graphics-symbol\" aria-hidden=\"false\" aria-label=\"\"><path d=\"M0 256C0 114.6 114.6 0 256 0C397.4 0 512 114.6 512 256C512 397.4 397.4 512 256 512C114.6 512 0 397.4 0 256zM371.8 211.8C382.7 200.9 382.7 183.1 371.8 172.2C360.9 161.3 343.1 161.3 332.2 172.2L224 280.4L179.8 236.2C168.9 225.3 151.1 225.3 140.2 236.2C129.3 247.1 129.3 264.9 140.2 275.8L204.2 339.8C215.1 350.7 232.9 350.7 243.8 339.8L371.8 211.8z\"><\/path><\/svg>\n\t\t\t\t\t\t\t\t\t<\/span>\n\t\t\t\t\t\t\t<\/div>\n\t\t\t\n\n\n<p class=\" eplus-wrapper\">Experiencia en Ergonom\u00eda<\/p>\n<\/div>\n<\/div>\n\n\n\n<div class=\"wp-block-uagb-column uagb-column__wrap uagb-column__background-undefined uagb-block-b24ad8d7\"><div class=\"uagb-column__overlay\"><\/div>\n<div class=\"wp-block-group eplus-wrapper is-nowrap is-layout-flex wp-container-core-group-is-layout-ad2f72ca wp-block-group-is-layout-flex\">      \n\t\t\t<div class=\"uagb-icon-wrapper uagb-block-cb29dbcf      \"\n\t\t\tstyle=\"\" >\n\t\t\t\t\t\t\t\t\t<span class=\"uagb-svg-wrapper\" \n\t\t\t\t\t aria-label=\"circle-check\"\t\t\t\t\ttabindex=\"0\">\t\t\n\t\t\t\t\t\t\t\t\t\t<svg xmlns=\"https:\/\/www.w3.org\/2000\/svg\" viewBox= \"0 0 512 512\" role=\"graphics-symbol\" aria-hidden=\"false\" aria-label=\"\"><path d=\"M0 256C0 114.6 114.6 0 256 0C397.4 0 512 114.6 512 256C512 397.4 397.4 512 256 512C114.6 512 0 397.4 0 256zM371.8 211.8C382.7 200.9 382.7 183.1 371.8 172.2C360.9 161.3 343.1 161.3 332.2 172.2L224 280.4L179.8 236.2C168.9 225.3 151.1 225.3 140.2 236.2C129.3 247.1 129.3 264.9 140.2 275.8L204.2 339.8C215.1 350.7 232.9 350.7 243.8 339.8L371.8 211.8z\"><\/path><\/svg>\n\t\t\t\t\t\t\t\t\t<\/span>\n\t\t\t\t\t\t\t<\/div>\n\t\t\t\n\n\n<p class=\" eplus-wrapper\">Prevenci\u00f3n y Mejora Continua<\/p>\n<\/div>\n<\/div>\n\n\n\n<div class=\"wp-block-uagb-column uagb-column__wrap uagb-column__background-undefined uagb-block-09970e60\"><div class=\"uagb-column__overlay\"><\/div>\n<div class=\"wp-block-group eplus-wrapper is-nowrap is-layout-flex wp-container-core-group-is-layout-ad2f72ca wp-block-group-is-layout-flex\">      \n\t\t\t<div class=\"uagb-icon-wrapper uagb-block-a75e568d      \"\n\t\t\tstyle=\"\" >\n\t\t\t\t\t\t\t\t\t<span class=\"uagb-svg-wrapper\" \n\t\t\t\t\t aria-label=\"circle-check\"\t\t\t\t\ttabindex=\"0\">\t\t\n\t\t\t\t\t\t\t\t\t\t<svg xmlns=\"https:\/\/www.w3.org\/2000\/svg\" viewBox= \"0 0 512 512\" role=\"graphics-symbol\" aria-hidden=\"false\" aria-label=\"\"><path d=\"M0 256C0 114.6 114.6 0 256 0C397.4 0 512 114.6 512 256C512 397.4 397.4 512 256 512C114.6 512 0 397.4 0 256zM371.8 211.8C382.7 200.9 382.7 183.1 371.8 172.2C360.9 161.3 343.1 161.3 332.2 172.2L224 280.4L179.8 236.2C168.9 225.3 151.1 225.3 140.2 236.2C129.3 247.1 129.3 264.9 140.2 275.8L204.2 339.8C215.1 350.7 232.9 350.7 243.8 339.8L371.8 211.8z\"><\/path><\/svg>\n\t\t\t\t\t\t\t\t\t<\/span>\n\t\t\t\t\t\t\t<\/div>\n\t\t\t\n\n\n<p class=\" eplus-wrapper\">Aumento de Productividad<\/p>\n<\/div>\n<\/div>\n\n\n\n<div class=\"wp-block-uagb-column uagb-column__wrap uagb-column__background-undefined uagb-block-07e2aaf9\"><div class=\"uagb-column__overlay\"><\/div>\n<div class=\"wp-block-group eplus-wrapper is-nowrap is-layout-flex wp-container-core-group-is-layout-ad2f72ca wp-block-group-is-layout-flex\">      \n\t\t\t<div class=\"uagb-icon-wrapper uagb-block-87723251      \"\n\t\t\tstyle=\"\" >\n\t\t\t\t\t\t\t\t\t<span class=\"uagb-svg-wrapper\" \n\t\t\t\t\t aria-label=\"circle-check\"\t\t\t\t\ttabindex=\"0\">\t\t\n\t\t\t\t\t\t\t\t\t\t<svg xmlns=\"https:\/\/www.w3.org\/2000\/svg\" viewBox= \"0 0 512 512\" role=\"graphics-symbol\" aria-hidden=\"false\" aria-label=\"\"><path d=\"M0 256C0 114.6 114.6 0 256 0C397.4 0 512 114.6 512 256C512 397.4 397.4 512 256 512C114.6 512 0 397.4 0 256zM371.8 211.8C382.7 200.9 382.7 183.1 371.8 172.2C360.9 161.3 343.1 161.3 332.2 172.2L224 280.4L179.8 236.2C168.9 225.3 151.1 225.3 140.2 236.2C129.3 247.1 129.3 264.9 140.2 275.8L204.2 339.8C215.1 350.7 232.9 350.7 243.8 339.8L371.8 211.8z\"><\/path><\/svg>\n\t\t\t\t\t\t\t\t\t<\/span>\n\t\t\t\t\t\t\t<\/div>\n\t\t\t\n\n\n<p class=\" eplus-wrapper\">Cumplimiento de Normativas<\/p>\n<\/div>\n<\/div>\n<\/div><\/section>\n<\/div>\n<\/div><\/div>\n\n\n\n<div class=\"wp-block-uagb-container uagb-block-gcqmz2yo alignfull uagb-is-root-container\"><div class=\"uagb-container-inner-blocks-wrap\">\n<div class=\"wp-block-uagb-info-box uagb-block-nozdrdez uagb-infobox__content-wrap  uagb-infobox-icon-above-title uagb-infobox-image-valign-top\"><div class=\"uagb-ifb-content\"><div class=\"uagb-ifb-title-wrap\"><h2 class=\"uagb-ifb-title\">Nuestro Equipo<\/h2><\/div><p class=\"uagb-ifb-desc\">Expertos En Ergonom\u00eda<\/p><\/div><\/div>\n\n\n\n<div class=\"wp-block-uagb-container uagb-block-hiqowrci\">\n<div class=\"wp-block-uagb-team uagb-team__image-position-above uagb-team__align-center uagb-team__stack-tablet uagb-block-8cac9a31\"><div class=\"uagb-team__content\"><h3 class=\"uagb-team__title\">Dra. Irene M\u00fajica Morales<\/h3><span class=\"uagb-team__prefix\">Gerente General<\/span><p class=\"uagb-team__desc\">La Dra. Irene M\u00fajica Morales es una reconocida experta en Ergonom\u00eda Laboral egresada de la Facultad de Medicina de la UNAM. Posee una especialidad en Medicina del Trabajo y una Maestr\u00eda en Ciencias Sociom\u00e9dicas y de la Salud.<br>La Dra. M\u00fajica es profesora y tutora de Maestr\u00eda y Doctorado en Ciencias M\u00e9dicas, Odontol\u00f3gicas y de la Salud de la UNAM Ha impartido clases de Salud P\u00fablica y Salud en el Trabajo en la Facultad de Medicina y en la maestr\u00eda en Dise\u00f1o Industrial de la Facultad de Arquitectura, UNAM. Tambi\u00e9n ha ense\u00f1ado Salud Ocupacional y Salud Comunitaria en la Universidad An\u00e1huac campus Norte.<br>La Dra. M\u00fajica es Jefa del Laboratorio de Ergonom\u00eda del Posgrado de Dise\u00f1o Industrial de la UNAM, donde ha trabajado en el desarrollo de nuevas t\u00e9cnicas y herramientas en ergonom\u00eda con aplicaci\u00f3n en Dise\u00f1o Industrial.<br>Adem\u00e1s, la Dra. M\u00fajica es Gerente General en Ergofacto SC, una consultor\u00eda que aplica los conocimientos y experiencia de la Dra. M\u00fajica en Ergonom\u00eda y Salud en el Trabajo para mejorar las condiciones laborales de los trabajadores y prevenir enfermedades laborales.<\/p><ul class=\"uagb-team__social-list\"><li class=\"uagb-team__social-icon\"><a href=\"https:\/\/twitter.com\/irenemujica?lang=es\" aria-label=\"twitter\" target=\"_self\" title=\"\" rel=\"noopener noreferrer\"><svg xmlns=\"https:\/\/www.w3.org\/2000\/svg\" viewBox=\"0 0 512 512\"><path d=\"M459.4 151.7c.325 4.548 .325 9.097 .325 13.65 0 138.7-105.6 298.6-298.6 298.6-59.45 0-114.7-17.22-161.1-47.11 8.447 .974 16.57 1.299 25.34 1.299 49.06 0 94.21-16.57 130.3-44.83-46.13-.975-84.79-31.19-98.11-72.77 6.498 .974 12.99 1.624 19.82 1.624 9.421 0 18.84-1.3 27.61-3.573-48.08-9.747-84.14-51.98-84.14-102.1v-1.299c13.97 7.797 30.21 12.67 47.43 13.32-28.26-18.84-46.78-51.01-46.78-87.39 0-19.49 5.197-37.36 14.29-52.95 51.65 63.67 129.3 105.3 216.4 109.8-1.624-7.797-2.599-15.92-2.599-24.04 0-57.83 46.78-104.9 104.9-104.9 30.21 0 57.5 12.67 76.67 33.14 23.72-4.548 46.46-13.32 66.6-25.34-7.798 24.37-24.37 44.83-46.13 57.83 21.12-2.273 41.58-8.122 60.43-16.24-14.29 20.79-32.16 39.31-52.63 54.25z\"><\/path><\/svg><\/a><\/li><li class=\"uagb-team__social-icon\"><a href=\"https:\/\/www.facebook.com\/irene.mujicam\" aria-label=\"facebook\" target=\"_self\" title=\"\" rel=\"noopener noreferrer\"><svg xmlns=\"https:\/\/www.w3.org\/2000\/svg\" viewBox=\"0 0 512 512\"><path d=\"M504 256C504 119 393 8 256 8S8 119 8 256c0 123.8 90.69 226.4 209.3 245V327.7h-63V256h63v-54.64c0-62.15 37-96.48 93.67-96.48 27.14 0 55.52 4.84 55.52 4.84v61h-31.28c-30.8 0-40.41 19.12-40.41 38.73V256h68.78l-11 71.69h-57.78V501C413.3 482.4 504 379.8 504 256z\"><\/path><\/svg><\/a><\/li><li class=\"uagb-team__social-icon\"><a href=\"https:\/\/mx.linkedin.com\/in\/irene-mujica-morales-913b0423\" aria-label=\"linkedin\" target=\"_self\" title=\"\" rel=\"noopener noreferrer\"><svg xmlns=\"https:\/\/www.w3.org\/2000\/svg\" viewBox=\"0 0 448 512\"><path d=\"M416 32H31.9C14.3 32 0 46.5 0 64.3v383.4C0 465.5 14.3 480 31.9 480H416c17.6 0 32-14.5 32-32.3V64.3c0-17.8-14.4-32.3-32-32.3zM135.4 416H69V202.2h66.5V416zm-33.2-243c-21.3 0-38.5-17.3-38.5-38.5S80.9 96 102.2 96c21.2 0 38.5 17.3 38.5 38.5 0 21.3-17.2 38.5-38.5 38.5zm282.1 243h-66.4V312c0-24.8-.5-56.7-34.5-56.7-34.6 0-39.9 27-39.9 54.9V416h-66.4V202.2h63.7v29.2h.9c8.9-16.8 30.6-34.5 62.9-34.5 67.2 0 79.7 44.3 79.7 101.9V416z\"><\/path><\/svg><\/a><\/li><\/ul><\/div><\/div>\n\n\n\n<div class=\"wp-block-uagb-container uagb-block-sabrwtpe\">\n<div style=\"height:34px\" aria-hidden=\"true\" class=\" wp-block-spacer eplus-wrapper\"><\/div>\n\n\n\n<div class=\"wp-block-uagb-image aligncenter uagb-block-ypt4bsfy wp-block-uagb-image--layout-default wp-block-uagb-image--effect-static wp-block-uagb-image--align-center\"><figure class=\"wp-block-uagb-image__figure\"><img loading=\"lazy\" decoding=\"async\" srcset=\"https:\/\/ergofacto.com.mx\/wp-content\/uploads\/2024\/04\/2-1024x1024.png ,https:\/\/ergofacto.com.mx\/wp-content\/uploads\/2024\/04\/2.png 780w, https:\/\/ergofacto.com.mx\/wp-content\/uploads\/2024\/04\/2.png 360w\" sizes=\"auto, (max-width: 480px) 150px\" src=\"https:\/\/ergofacto.com.mx\/wp-content\/uploads\/2024\/04\/2-1024x1024.png\" alt=\"\" class=\"uag-image-2864\" width=\"368\" height=\"460\" title=\"2\" loading=\"lazy\" role=\"img\"\/><\/figure><\/div>\n\n\n\n<div class=\"wp-block-uagb-info-box uagb-block-e3c7735f uagb-infobox__content-wrap  uagb-infobox-icon-above-title uagb-infobox-image-valign-top\"><div class=\"uagb-ifb-content\"><div class=\"uagb-ifb-title-wrap\"><h5 class=\"uagb-ifb-title\"> <\/h5><\/div><p class=\"uagb-ifb-desc\"> <\/p><\/div><\/div>\n<\/div>\n<\/div>\n<\/div><\/div>\n\n\n\n<div class=\"wp-block-uagb-container uagb-block-ogjiful2 alignfull uagb-is-root-container\">\n<div class=\"wp-block-uagb-container uagb-block-wwfufdix\">\n<div class=\"wp-block-uagb-info-box uagb-block-j82vtjv2 uagb-infobox__content-wrap  uagb-infobox-icon-above-title uagb-infobox-image-valign-top\"><div class=\"uagb-ifb-content\"><div class=\"uagb-ifb-title-wrap\"><h2 class=\"uagb-ifb-title\">Suscr\u00edbete a nuestro Bolet\u00edn<\/h2><\/div><\/div><\/div>\n<\/div>\n\n\n\n<div class=\"wp-block-uagb-container uagb-block-pjongwe3\">\n<div class=\"wp-block-uagb-info-box uagb-block-ktn3fzuh uagb-infobox__content-wrap  uagb-infobox-icon-above-title uagb-infobox-image-valign-top\"><div class=\"uagb-ifb-content\"><div class=\"uagb-ifb-title-wrap\"><\/div><p class=\"uagb-ifb-desc\">\u00a1Cont\u00e1ctanos hoy mismo para descubrir c\u00f3mo podemos ayudarte a mejorar tu espacio de trabajo y aumentar tu productividad! \ud83d\ude80\ud83d\udcbc<\/p><\/div><\/div>\n\n\n\n<div class=\"wp-block-uagb-buttons uagb-buttons__outer-wrap uagb-btn__default-btn uagb-btn-tablet__default-btn uagb-btn-mobile__default-btn uagb-block-hwtpobo4\"><div class=\"uagb-buttons__wrap uagb-buttons-layout-wrap \">\n<div class=\"wp-block-uagb-buttons-child uagb-buttons__outer-wrap uagb-block-9e5ut5ar wp-block-button\"><div class=\"uagb-button__wrapper\"><a class=\"uagb-buttons-repeater wp-block-button__link\" aria-label=\"\" href=\"https:\/\/ergofacto.com.mx\/?page_id=2704\" rel=\"follow noopener\" target=\"_self\" role=\"button\"><div class=\"uagb-button__link\">Suscribirme<\/div><\/a><\/div><\/div>\n<\/div><\/div>\n<\/div>\n<\/div>\n","protected":false},"excerpt":{"rendered":"<p>25 Years Of Experience ergofacto Estamos comprometidos con la prevenci\u00f3n y la mejora de la calidad de vida de los trabajadores. Somos un equipo multidisciplinario de expertos comprometidos en la implementaci\u00f3n de programas ergon\u00f3micos de mejora continua. Dise\u00f1amos programas personalizados que se adaptan a las necesidades espec\u00edficas de las empresas y nos aseguramos de que &#8230; <a title=\"Nosotros\" class=\"read-more\" href=\"https:\/\/ergofacto.com.mx\/?page_id=39\" aria-label=\"Leer m\u00e1s sobre Nosotros\">Leer m\u00e1s<\/a><\/p>\n","protected":false},"author":1,"featured_media":0,"parent":0,"menu_order":0,"comment_status":"closed","ping_status":"closed","template":"","meta":{"_eb_attr":"","_uag_custom_page_level_css":"","editor_plus_copied_stylings":"{}","footnotes":""},"class_list":["post-39","page","type-page","status-publish"],"aioseo_notices":[],"uagb_featured_image_src":{"full":false,"thumbnail":false,"medium":false,"medium_large":false,"large":false,"1536x1536":false,"2048x2048":false},"uagb_author_info":{"display_name":"Ergofacto","author_link":"https:\/\/ergofacto.com.mx\/?author=1"},"uagb_comment_info":0,"uagb_excerpt":"25 Years Of Experience ergofacto Estamos comprometidos con la prevenci\u00f3n y la mejora de la calidad de vida de los trabajadores. Somos un equipo multidisciplinario de expertos comprometidos en la implementaci\u00f3n de programas ergon\u00f3micos de mejora continua. Dise\u00f1amos programas personalizados que se adaptan a las necesidades espec\u00edficas de las empresas y nos aseguramos de que&hellip;","_links":{"self":[{"href":"https:\/\/ergofacto.com.mx\/index.php?rest_route=\/wp\/v2\/pages\/39","targetHints":{"allow":["GET"]}}],"collection":[{"href":"https:\/\/ergofacto.com.mx\/index.php?rest_route=\/wp\/v2\/pages"}],"about":[{"href":"https:\/\/ergofacto.com.mx\/index.php?rest_route=\/wp\/v2\/types\/page"}],"author":[{"embeddable":true,"href":"https:\/\/ergofacto.com.mx\/index.php?rest_route=\/wp\/v2\/users\/1"}],"replies":[{"embeddable":true,"href":"https:\/\/ergofacto.com.mx\/index.php?rest_route=%2Fwp%2Fv2%2Fcomments&post=39"}],"version-history":[{"count":30,"href":"https:\/\/ergofacto.com.mx\/index.php?rest_route=\/wp\/v2\/pages\/39\/revisions"}],"predecessor-version":[{"id":2878,"href":"https:\/\/ergofacto.com.mx\/index.php?rest_route=\/wp\/v2\/pages\/39\/revisions\/2878"}],"wp:attachment":[{"href":"https:\/\/ergofacto.com.mx\/index.php?rest_route=%2Fwp%2Fv2%2Fmedia&parent=39"}],"curies":[{"name":"wp","href":"https:\/\/api.w.org\/{rel}","templated":true}]}}